0?
54
Calculate the greatest common factor of 392296 and 3304.
8
Calculate the greatest common factor of 10 and 7718565.
5
Calculate the highest common divisor of 6 and 334736.
2
Calculate the highest common factor of 7406007 and 441.
147
Calculate the greatest common divisor of 871847 and 820473.
1511
Calculate the highest common divisor of 1309183 and 299.
23
Calculate the highest common factor of 31288573 and 1691.
1691
Calculate the greatest common divisor of 11240 and 4792660.
20
Calculate the highest common divisor of 3611820 and 306.
102
What is the highest common divisor of 4439 and 655428?
193
Calculate the greatest common divisor of 2278 and 30066302.
34
Calculate the greatest common divisor of 16671 and 137.
1
What is the highest common divisor of 517 and 94072?
11
Calculate the highest common divisor of 152 and 178837196.
76
What is the greatest common factor of 211155 and 440409?
6033
Calculate the greatest common factor of 43812870 and 75.
15
Calculate the greatest common factor of 6480 and 15935760.
720
Calculate the highest common factor of 1170413 and 502.
251
What is the greatest common divisor of 44 and 24995924?
4
What is the highest common divisor of 66729 and 289913?
377
What is the greatest common factor of 22562 and 289594?
58
What is the highest common divisor of 142 and 91642?
2
Calculate the highest common divisor of 34038 and 1806525.
279
Calculate the greatest common divisor of 838627 and 3400.
17
What is the greatest common factor of 19980989 and 14?
7
What is the greatest common divisor of 12660241 and 4796?
1199
Calculate the greatest common divisor of 21229203 and 713.
31
What is the greatest common factor of 10054840 and 3690?
410
Calculate the greatest common factor of 63 and 47969199.
9
What is the highest common factor of 11682 and 331083456?
3894
Calculate the highest common divisor of 9009771 and 57.
3
What is the greatest common divisor of 1275 and 6130455?
255
Calculate the greatest common factor of 83906392 and 552.
184
Calculate the highest common factor of 30606466 and 121.
121
What is the highest common divisor of 25252 and 795084?
236
What is the highest common divisor of 6 and 2026841?
1
Calculate the greatest common factor of 2503273 and 29072.
79
Calculate the highest common divisor of 129896195 and 319.
11
What is the greatest common factor of 176 and 1396549?
11
What is the highest common factor of 15948821 and 322?
161
Calculate the highest common divisor of 31759 and 96642.
91
What is the greatest common factor of 4077 and 5967369?
1359
What is the greatest common factor of 7850 and 41024300?
50
Calculate the greatest common divisor of 13247 and 27.
1
What is the highest common divisor of 36901391 and 573?
191
What is the greatest common divisor of 101816 and 689832?
1144
Calculate the greatest common factor of 234 and 10090431.
117
Calculate the greatest common divisor of 1944166127 and 19.
19
What is the greatest common divisor of 3446136 and 2070?
414
What is the greatest common factor of 19987 and 14934590?
253
Calculate the highest common divisor of 23124 and 820.
164
What is the highest common factor of 192 and 489222?
6
What is the greatest common factor of 882400 and 136000?
800
Calculate the highest common divisor of 427504 and 1945976.
2776
What is the highest common divisor of 94029 and 339?
3
Calculate the highest common divisor of 2398917 and 7855.
1571
Calculate the greatest common divisor of 4 and 81444032.
4
What is the greatest common divisor of 31936 and 698101?
499
What is the greatest common divisor of 14147437 and 872?
109
Calculate the highest common divisor of 42793260 and 76320.
3180
What is the highest common divisor of 158 and 18377770?
158
Calculate the highest common factor of 722920 and 212080.
440
What is the greatest common divisor of 45442880 and 2240?
2240
What is the greatest common divisor of 117113525 and 5900?
1475
Calculate the greatest common divisor of 17761758 and 406.
14
Calculate the highest common divisor of 882 and 5615400.
294
Calculate the highest common divisor of 1653969 and 114.
57
What is the highest common factor of 110591476 and 12?
4
What is the highest common divisor of 6577149 and 2395?
479
Calculate the greatest common factor of 485664661 and 8686.
4343
What is the greatest common factor of 195 and 4407?
39
Calculate the highest common divisor of 53610 and 54420.
30
Calculate the greatest common factor of 121 and 27297171.
11
What is the greatest common divisor of 886716 and 26874?
18
What is the highest common factor of 1280 and 424280?
40
What is the greatest common divisor of 4126601 and 93816?
1303
What is the highest common divisor of 480 and 61888080?
240
Calculate the greatest common divisor of 2540475 and 133875.
1575
Calculate the highest common factor of 151680102 and 3.
3
What is the highest common divisor of 234630 and 32311395?
3555
What is the greatest common divisor of 1654297 and 1943?
67
What is the highest common factor of 928 and 230521?
29
What is the greatest common divisor of 414 and 1122377?
23
What is the highest common factor of 44860738 and 2262?
754
What is the greatest common divisor of 2165932008 and 3186?
3186
What is the highest common divisor of 5095776 and 288?
96
What is the highest common factor of 856 and 54824553?
107
What is the highest common divisor of 60 and 679956?
12
What is the highest common factor of 11340 and 8697402?
378
What is the greatest common divisor of 1681586 and 1134922?
5942
What is the highest common factor of 2628670 and 6710?
110
Calculate the highest common factor of 129 and 1080885.
3
What is the greatest common divisor of 2321 and 15104013?
211
What is the highest common divisor of 35502630 and 165?
15
Calculate the highest common divisor of 1704 and 135088576.
568
What is the highest common factor of 84330 and 365130?
90
What is the highest common divisor of 2703010 and 1918?
274
Calculate the greatest common factor of 11 and 948299.
11
What is the highest common divisor of 99 and 118593?
9
What is the greatest common divisor of 1413300 and 3010?
70
What is the highest common divisor of 12378597 and 12243?
231
What is the greatest common factor of 37728224 and 19?
19
Calculate the highest common factor of 46541 and 247695433.
4231
Calculate the highest common divisor of 475800 and 2481480.
7320
What is the highest common factor of 5634 and 203358291?
939
Calculate the greatest common factor of 91314894 and 66.
66
What is the greatest common divisor of 204783120 and 904?
904
Calculate the highest common divisor of 93024 and 84246.
114
What is the highest common divisor of 467502 and 67074?
42
Calculate the greatest common factor of 760064368 and 16.
16
Calculate the highest common factor of 5904 and 239604.
492
What is the highest common factor of 672816750 and 50?
50
Calculate the highest common factor of 87 and 713045997.
87
Calculate the highest common factor of 10157539 and 841288.
1267
What is the greatest common divisor of 2851054 and 6?
2
What is the greatest common factor of 256 and 2078136?
8
What is the highest common divisor of 67529 and 2948561?
77
Calculate the highest common divisor of 2689428 and 15756.
1212
What is the greatest common factor of 12146400 and 12915?
315
Calculate the highest common factor of 2 and 1243694.
2
Calculate the greatest common divisor of 773749220 and 340.
340
Calculate the greatest common factor of 840 and 7386.
6
What is the greatest common divisor of 5 and 36273155?
5
Calculate the greatest common divisor of 11440 and 15253040.
880
What is the highest common factor of 815 and 22082099?
163
What is the highest common factor of 1957944876 and 51?
51
What is the greatest common divisor of 1001 and 647185?
77
Calculate the greatest common factor of 106780 and 41026.
562
Calculate the greatest common divisor of 49790808 and 324.
108
What is the highest common factor of 7595 and 19802800?
155
What is the greatest common divisor of 12533182 and 2074?
2074
Calculate the greatest common divisor of 3144311 and 1427396.
6733
What is the greatest common divisor of 1323915008 and 1664?
1664
What is the greatest common divisor of 33 and 97454797?
11
What is the highest common factor of 646 and 1469327?
323
Calculate the greatest common d